(s) = -4*s**3 - 187*s**2 + 7*s - 1740. Determine d(-47).
140
Let l(w) = 2531208*w + 5062417. Give l(-2).
1
Let c(n) = 2277*n - 6855. What is c(3)?
-24
Let o(j) = j**3 - 19*j**2 + 7*j - 5. What is o(0)?
-5
Let o(a) = 6470*a**2 - 38791*a - 179. Calculate o(6).
-5
Let d(c) = 9687*c + 823399. Determine d(-85).
4
Let k(o) = 349357*o - 1048065. What is k(3)?
6
Let b(d) = 2492*d - 2668929. What is b(1071)?
3
Let f(g) = -g**3 - 319*g**2 - 3110*g - 6329. What is f(-309)?
-149
Let c(r) = -1474*r**2 - 38322*r + 20. Determine c(-26).
-32
Let b(c) = 16707*c + 3608707. What is b(-216)?
-5
Let v(l) = 19788*l + 178127. Determine v(-9).
35
Let j(q) = 358*q - 46166. Determine j(129).
16
Let p(d) = d**2 + 2664*d + 590587. Determine p(-244).
107
Let y(d) = 13582*d**2 + 407461*d + 34. Determine y(-30).
4
Let b(g) = 892284*g - 31229938. What is b(35)?
2
Let b(v) = v**2 + 117*v - 10861. What is b(60)?
-241
Let c(n) = 1897*n**2 - 7644*n + 56. What is c(4)?
-168
Let c(q) = -q**3 - 83*q**2 + 40*q + 407. Determine c(-84).
4103
Let i(y) = -28842*y + 43464902. Determine i(1507).
8
Let g(q) = 2*q**3 - 1460*q - 7262. What is g(-5)?
-212
Let j(r) = 1947*r - 13705. Calculate j(7).
-76
Let s(l) = -l**3 + 19*l**2 - 111*l + 196. What is s(11)?
-57
Let h(i) = -55*i**2 + 4376*i + 84056. What is h(-16)?
-40
Let y(s) = 2*s**3 - 30*s - 288. What is y(-6)?
-540
Let x(p) = 2*p**3 + 168*p**2 + 1542*p - 139. Calculate x(-74).
-4727
Let z(h) = h**3 - 65*h**2 - 93*h + 12. Calculate z(67).
2759
Let m(o) = -3*o**2 - 3683*o + 14738. Determine m(4).
-42
Let t(d) = -d**3 - 13*d**2 - 56*d + 17. Determine t(-9).
197
Let m(t) = 3089*t + 58683. What is m(-19)?
-8
Let a(n) = 27*n**3 + 197*n**2 + 13*n + 117. What is a(-7)?
418
Let z(u) = -2231*u - 149474. Calculate z(-67).
3
Let q(y) = -40*y - 728. Calculate q(-19).
32
Let l(x) = x**2 - 1160*x + 30543. Calculate l(27).
-48
Let d(g) = -461*g + 13834. Determine d(29).
465
Let s(f) = 6*f**2 - 465*f - 7757. Give s(-16).
1219
Let h(j) = 23*j**2 + 16*j - 150. Determine h(-4).
154
Let l(p) = -p**2 - 99*p - 2678. What is l(-73)?
-780
Let y(r) = 253*r - 2400. Determine y(11).
383
Let i(q) = q**2 - 1495*q + 376852. What is i(321)?
-2
Let a(v) = 2568*v - 63668. Determine a(25).
532
Let a(x) = x**3 - 4*x**2 + 232*x - 1192. What is a(5)?
-7
Let m(z) = 177*z - 28655. What is m(162)?
19
Let i(m) = 12*m**3 + 23*m**2 - 112*m + 55. Give i(6).
2803
Let t(h) = h**3 + 11*h**2 - 33*h + 743. Give t(-16).
-9
Let s(d) = -d**2 - 777*d - 23120. Determine s(-31).
6
Let n(p) = -55*p + 5957. What is n(104)?
237
Let y(o) = 389*o + 51762. What is y(-133)?
25
Let d(t) = 2134022*t + 36278379. Determine d(-17).
5
Let s(a) = -2*a**3 + 192*a**2 - 2418*a + 211665. Calculate s(95).
5
Let u(w) = -w**3 - 154*w**2 - 1801*w + 4501. Determine u(-141).
-11
Let u(p) = -1106*p**2 - 327380*p - 1180. What is u(-296)?
4
Let c(f) = -1812*f - 7748. Determine c(-6).
3124
Let g(b) = -224*b - 1889. What is g(-9)?
127
Let m(w) = -7*w**2 + 1610*w + 52566. Determine m(-29).
-11
Let p(g) = g**2 + 292*g + 15968. Determine p(-219).
-19
Let j(u) = -103*u**2 - 374*u - 29. Determine j(-2).
307
Let w(q) = -10056*q**2 - 20125*q - 40. Give w(-2).
-14
Let l(n) = 7*n**2 - 145*n + 1395. Give l(9).
657
Let x(d) = 1199*d + 386097. Determine x(-322).
19
Let r(d) = -310*d - 120. Determine r(6).
-1980
Let s(o) = o**2 - 297*o + 12755. Determine s(245).
15
Let m(p) = -2*p**3 - 473*p**2 + 34773*p + 5662. Calculate m(59).
-2
Let c(t) = 25*t**3 + 220*t**2 - 41*t + 94. Determine c(-9).
58
Let y(q) = -10*q**3 + 122*q**2 - 282*q - 114. Calculate y(3).
-132
Let s(q) = 18250*q - 73237. Calculate s(4).
-237
Let y(k) = -7*k**3 + 1739*k**2 + 5277*k - 8. Calculate y(-3).
1
Let m(u) = -2*u**2 + 909*u + 176846. Determine m(-147).
5
Let m(l) = -8669*l + 407325. Determine m(47).
-118
Let z(b) = -35*b**2 - 468*b - 1615. Calculate z(-6).
-67
Let j(u) = 1625*u**2 - 7555*u - 2858. Give j(5).
-8
Let z(s) = -s**2 + 428*s + 10742. Determine z(-25).
-583
Let v(h) = 21006*h + 5734637. Determine v(-273).
-1
Let g(q) = 30*q**2 + 2283*q + 10869. What is g(-71)?
6
Let m(k) = k**2 - 67*k - 1729. Calculate m(91).
455
Let m(o) = o**3 - 11*o**2 - 432*o - 58. Calculate m(27).
-58
Let q(f) = 11*f**3 + 5*f**2 - 20*f - 59. Give q(-3).
-251
Let r(p) = 5*p**2 - 1007*p - 6720. Determine r(208).
144
Let z(t) = 67*t**2 + 15449*t - 15518. Determine z(1).
-2
Let t(w) = -4524*w - 104111. Calculate t(-23).
-59
Let f(l) = -9263*l + 35743. Give f(4).
-1309
Let r(t) = -t**2 + 707*t - 21367. Calculate r(32).
233
Let h(w) = -10*w**2 - 335*w + 3103. Calculate h(9).
-722
Let s(t) = -t**3 + 469*t**2 + 1339*t + 36212. Determine s(472).
-132
Let y(r) = -17*r**2 + 5678*r - 22542. Give y(330).
-102
Let a(c) = c**2 - 245*c + 14466. Calculate a(150).
216
Let q(r) = 124*r**2 - 1421*r + 469. What is q(12)?
1273
Let f(i) = 2*i**2 + 226*i - 231. Calculate f(-114).
-3
Let v(i) = -40*i**2 - 26834*i + 4045. Determine v(-671).
19
Let t(d) = 36830*d + 3498852. Determine t(-95).
2
Let z(q) = 506*q + 1670. Determine z(-5).
-860
Let a(r) = -5*r**2 - 672*r - 3344. What is a(-5)?
-109
Let a(x) = -2*x**2 - 1657*x - 342533. Determine a(-396).
7
Let u(w) = 112*w**2 + 75*w + 22. Give u(0).
22
Let o(u) = -212496*u - 1274970. Give o(-6).
6
Let n(b) = -2*b**3 + 191*b**2 + 5586*b + 1074. What is n(119)?
241
Let k(j) = -60*j**3 + 21*j**2 + 229*j + 208. Determine k(-1).
60
Let q(z) = -z**3 - z**2 + 34*z - 37. Calculate q(-8).
139
Let f(y) = 9568*y + 95683. Give f(-10).
3
Let q(r) = -5*r**3 + 200*r**2 - 1000*r + 10. Give q(6).
130
Let u(y) = y**3 - 14*y**2 - 2061*y - 300. Give u(53).
18
Let k(h) = -5*h**3 - 138*h**2 - 67*h - 3405. What is k(-28)?
39
Let q(n) = 1468*n - 9835. Determine q(7).
441
Let i(j) = -943*j**2 + 869*j - 3. Determine i(1).
-77
Let h(p) = 9990*p + 9992. Calculate h(-1).
2
Let o(j) = 25*j**2 - 304*j - 18567. What is o(34)?
-3
Let b(a) = 43*a**2 - 1985*a - 1524. Give b(47).
168
Let m(s) = -325*s + 13709. What is m(42)?
59
Let y(d) = -77*d**3 - 2532*d - 5065. Give y(-2).
615
Let k(t) = 14044*t - 2218951. What is k(158)?
1
Let r(w) = 4*w**2 + 76*w - 633. Determine r(7).
95
Let o(m) = m**3 + 320*m**2 - 1650*m - 8103. Give o(-325).
22
Let j(d) = d**2 - 186*d - 28591. Calculate j(-100).
9
Let p(x) = -23*x**3 - 42*x**2 + 17*x + 73. Give p(-4).
805
Let g(q) = -3109*q**2 - 15690*q - 732. Determine g(-5).
-7
Let a(i) = -499221*i + 7488323. Calculate a(15).
8
Let p(z) = 2*z**3 + 222*z**2 - 1186*z - 57280. Calculate p(-114).
-52
Let t(f) = 75*f**3 + 1115*f**2 + 34*f - 27. Determine t(-15).
-2787
Let h(b) = b**2 + 269*b + 4276. Give h(-17).
-8
Let h(y) = 27362*y + 218826. Give h(-8).
-70
Let j(v) = -217*v**2 + 3525*v - 841. Give j(16).
7
Let h(p) = p**3 - 125*p**2 + 1204*p - 221998. Determine h(129).
-118
Let t(i) = 19762*i - 296361. What is t(15)?
69
Let h(z) = -z**3 - 5*z**2 + 845*z + 6835. Calculate h(-8).
267
Let n(g) = 76*g**3 - 5*g**2 + 126*g - 237. Give n(2).
603
Let b(z) = -7336*z - 139195. Calculate b(-19).
189
Let f(l) = -232*l - 2741. Give f(-12).
43
Let v(s) = 15*s**2 - 5121*s + 20501. Determine v(4).
257
Let u(x) = 10*x**2 - 583*x - 138. Determine u(58).
-312
Let q(p) = 2053*p + 12287. What is q(-6)?
-31
Let l(m) = 29*m**2 - 2441*m + 4882. Calculate l(2).
116
Let w(h) = h**3 + 101*h**2 - 546*h + 230. What is w(-106)?
1926
Let f(l) = 3*l**3 - 10*l**2 + 363*l - 1459. What is f(5)?
481
Let h(i) = -i**3 - 93*i**2 - 452*i + 93. What is h(-88)?
1149
Let p(l) = 4556*l - 27699. Give p(6).
-363
Let k(l) = 2211*l - 48680. Give k(22).
-38
Let u(c) = -c**2 + 1485*c - 113724. Give u(1404).
0
Let b(c) = c**2 - 1273*c + 189367. Give b(1101).
-5
Let j(f) = 142609*f**2 - 2281743*f - 10. Give j(16).
6
Let u(y) = -2406*y - 84208. Calculate u(-35).
2
Let b(z) = 43*z**2 - 419*z - 69. Give b(10).
41
Let r(h) = -h**3 + 35*h**2 - 5200*h + 163331. What is r(32)?
3
Let v(z) = -3371*z + 13346. Determine v(4).
-138
Let n(p) = -7317*p + 197555. What is n(27)?
-4
Let x(a) = -3554*a + 74785. Calculate x(21).
151
Let a(y) = 484256*y - 968498. Calculate a(2).
14
Let u(a) = -21*a**2 - 2409*a - 135. Give u(-115).
-825
Let m(y) = 425*y**2 + 1695*y - 26. Calculate m(-4).
-6
Let t(p) = 2*p**2 + 233*p + 3202. Calculate t(-93).
-1169
Let k(b) = -4*b**2 + 206*b - 2635. Give k(28).
-3
Let w(a) = 3*a**3 - 302*a**2 + 1576*a - 71